e 15) to base 6
-105152143
Convert -131723 (base 9) to base 4.
-103202301
Convert -2d1948 (base 14) to base 3.
-2222020211202
Convert -19392b (base 12) to base 11.
-282072
10100111011 (base 2) to base 10
1339
-620725 (base 8) to base 7
-1513311
-340320310 (base 5) to base 16
-16d028
Convert -20dad (base 14) to base 15.
-18873
What is 65362325 (base 8) in base 10?
14017749
What is -10100001110011010 (base 2) in base 15?
-1982c
-4b1686 (base 14) to base 13
-6c34ba
55a754 (base 11) to base 3
1200100112002
Convert -c6124 (base 16) to base 8.
-3060444
-1a032 (base 14) to base 3
-10100101202
1045265 (base 8) to base 16
44ab5
Convert -77661 (base 11) to base 13.
-3c334
-84222 (base 15) to base 2
-1100110010010100110
311233130 (base 4) to base 8
655734
What is 313352 (base 12) in base 10?
772910
What is -1518366 (base 9) in base 15?
-118a8c
What is 20514111 (base 6) in base 4?
2102231323
23ae12 (base 15) to base 5
414120132
Convert -2805858 (base 9) to base 2.
-101110111111000100100
What is 266266 (base 8) in base 2?
10110110010110110
Convert -2300233 (base 5) to base 14.
-10b89
2021102200020 (base 3) to base 7
13164201
Convert 313300222022 (base 4) to base 15.
143b06b
-1346921 (base 11) to base 3
-11100222200221
-3064250 (base 9) to base 2
-110001111100111001100
What is -1300041 (base 5) in base 7?
-132643
What is -325c12 (base 15) in base 13?
-65cc0c
Convert -32211313 (base 4) to base 3.
-10000222121
What is 7ecd (base 16) in base 15?
9941
What is -56b11 (base 13) in base 5?
-20022420
Convert 3528a (base 14) to base 8.
374712
What is -200220122110 (base 3) in base 9?
-626573
Convert 11648772 (base 9) to base 8.
25577444
4316223 (base 7) to base 13
155301
30112010 (base 4) to base 13
1a027
Convert 2232540 (base 8) to base 10.
603488
Convert d21a (base 15) to base 14.
1223c
Convert 236ed (base 16) to base 4.
203123231
-100113123 (base 4) to base 16
-105db
What is -10200011002 (base 3) in base 7?
-420506
Convert 811857 (base 13) to base 14.
582302
What is 113330 (base 6) in base 5?
303341
What is 2a8a3 (base 15) in base 10?
136953
What is 111111011110110111 (base 2) in base 8?
773667
-3342423 (base 9) to base 6
-102323033
What is 4654212 (base 7) in base 6?
20311550
What is 2408368 (base 9) in base 14?
25d939
What is 6297083 (base 11) in base 5?
10314431040
Convert -223346 (base 12) to base 10.
-544806
-12010022011 (base 3) to base 14
-28a58
Convert -11101100001100 (base 2) to base 15.
-472b
What is -420a138 (base 11) in base 6?
-423024134
Convert 321123130 (base 4) to base 16.
396dc
-2ce9 (base 15) to base 5
-302134
-1c5 (base 14) to base 10
-369
What is -1301121 (base 5) in base 11?
-179a4
-63454 (base 7) to base 3
-210111101
What is -519993 (base 11) in base 4?
-3023120222
What is -553010 (base 10) in base 13?
-164933
Convert -11011100100111101 (base 2) to base 15.
-23707
-6246a31 (base 11) to base 15
-e79e77
Convert 1314037 (base 8) to base 4.
1121200133
What is df5f1 (base 16) in base 15?
131154
What is 103162 (base 9) in base 8?
167675
-32011120 (base 4) to base 2
-1110000101011000
1122002201212 (base 3) to base 2
11010011111011001110
What is 1001100110101110011 (base 2) in base 12?
132183
135822 (base 9) to base 13
2ba51
What is 210442344 (base 6) in base 11?
2090940
Convert 70a81 (base 16) to base 13.
132056
-220020313 (base 4) to base 13
-59aa9
1011011111111100 (base 2) to base 12
23310
What is -bc2d7a (base 15) in base 14?
-129715d
edc3 (base 16) to base 2
1110110111000011
11011001100100100000 (base 2) to base 15
1290b3
What is 102001221121020 (base 3) in base 2?
10110011100100100100101
-11111100010000001101110 (base 2) to base 4
-133202001232
23aea9 (base 15) to base 8
6407244
Convert 52503 (base 6) to base 11.
5370
Convert -59d98 (base 15) to base 5.
-33132233
Convert 11020431 (base 5) to base 14.
26940
Convert 20410011 (base 6) to base 4.
2100212113
What is 12dc1 (base 14) in base 15?
dc31
What is 11571a (base 14) in base 4?
2100113330
What is 330200302 (base 4) in base 12?
bb52a
1a09500 (base 11) to base 15
470c55
-32413301 (base 5) to base 8
-1041241
What is 14440531 (base 6) in base 5?
112044142
448363 (base 9) to base 7
2166003
What is 10010100011110011101 (base 2) in base 10?
608157
Convert -13232240 (base 6) to base 14.
-b6436
Convert 166620 (base 9) to base 5.
11301133
What is -ea02 (base 15) in base 3?
-2111220102
7607 (base 14) to base 13
9387
Convert -1515663 (base 10) to base 4.
-11302002033
Convert 245142331 (base 6) to base 2.
10010000001110000001111
What is -2200221101101 (base 3) in base 9?
-2627341
What is 327513 (base 9) in base 4?
233303031
Convert -513b76 (base 14) to base 8.
-12343554
What is -12110020002 (base 3) in base 14?
-2b183
Convert 4972a9 (base 12) to base 5.
301210330
What is -48591 (base 10) in base 6?
-1012543
10102201201 (base 4) to base 2
100010010100001100001
1917a44 (base 12) to base 14
9acb9a
What is -30450177 (base 8) in base 13?
-144790a
Convert -d40b9 (base 15) to base 5.
-132444144
Convert -1130324434 (base 5) to base 3.
-11212112221120
What is 302444020 (base 5) in base 16?
12984b
-30143114 (base 6) to base 9
-1540651
What is 60ee1 (base 15) in base 12?
129887
-11a2347 (base 11) to base 7
-23461154
What is -96a225 (base 12) in base 11?
-1387291
Convert 1606526 (base 7) to base 8.
657216
What is -1425223 (base 12) in base 4?
-33120103323
What is -2223030311 (base 4) in base 11?
-439939
a8920 (base 13) to base 7
2406302
1222209 (base 10) to base 3
2022002120000
Convert 3679ca (base 14) to base 15.
26c963
Convert -3313420 (base 7) to base 10.
-407008
What is 22222022 (base 8) in base 9?
10015227
Convert -314240 (base 10) to base 8.
-1145600
29683 (base 13) to base 6
1401104
2206a (base 13) to base 6
1153112
-21340 (base 5) to base 2
-10110111110
What is -101428 (base 12) in base 2?
-111101010100100000
-97090 (base 10) to base 15
-1db7a
What is 9882a (base 12) in base 6?
4153254
Convert -4511041 (base 12) to base 4.
-302121033301
What is -2138c9 (base 14) in base 12?
-4625a1
1001321 (base 8) to base 10
262865
Convert 1111110010100100000000 (base 2) to base 11.
2377988
What is 565031 (base 9) in base 3?
122012001001
-5452247 (base 11) to base 7
-144261456
What is -151275 (base 10) in base 11?
-a3723
Convert -110011011111000100011 (base 2) to base 11.
-a52585
What is -10001101100111110100 (base 2) in base 15?
-b6d24
-a7573 (base 12) to base 6
-4415423
Convert -10101110011001001100 (base 2) to base 4.
-2232121030
-cc6e4 (base 16) to base 15
-118183
Convert 8778a (base 11) to base 7.
1040254
Convert -1021448 (base 9) to base 12.
-223938
d978 (base 16) to base 15
11767
Convert -3831c6 (base 13) to base 10.
-1349289
Convert -13331303 (base 5) to base 12.
-66b71
What is -5915271 (base 10) in base 15?
-7bca16
-1256265 (base 11) to base 9
-4074682
Convert -52a4900 (base 11) to base 12.
-3160a76
Convert -4546526 (base 8) to base 11.
-771865
What is -1584132 (base 10) in base 11?
-992200
42721316 (base 8) to base 3
122012221001200
Convert 40234210 (base 5) to base 14.
85096
What is -2123333 (base 5) in base 14?
-d221
Convert -13130311020 (base 4) to base 5.
-444444341
Convert -24721725 (base 9) to base 8.
-56166676
What is -5918d (base 14) in base 6?
-4353025
Convert 11100111001110100 (base 2) to base 14.
31204
Convert -32280 (base 14) to base 15.
-25dca
4737290 (base 10) to base 12
17055a2
22c99 (base 13) to base 6
1210434
What is 31aa67 (base 11) in base 12?
20862b
Convert -b613a (base 12) to base 8.
-722076
What is -21cc8 (base 14) in base 2?
-10100000010111000
What is 9bd4 (base 16) in base 14?
10776
What is 157a75 (base 12) in base 2?
1011001011000111001
What is -13442 (base 12) in base 10?
-26546
Convert 12411331 (base 5) to base 14.
32a16
What is -1000032133 (base 5) in base 10?
-1955293
What is 12706a9 (base 11) in base 2?
1000011000011000000011
What is 11473 (base 15) in base 12?
27a00
17732 (base 14) to base 12
2a200
What is -111201000111 (base 3) in base 13?
-95a16
1005034 (base 7) to base 16
1d25d
-6299d6 (base 14) to base 6
-155214344
Convert 300032 (base 7) to base 11.
34999
Convert -203776 (base 16) to base 14.
-3cd62a
23222301320 (base 4) to base 16
2eac78
-229aa64 (base 12) to base 2
-11001011101101001101100
Convert 100312010 (base 4) to base 12.
33b18
Convert -1635546 (base 8) to base 10.
-